 10537730 and 1218?
406
What is the greatest common factor of 1068605891 and 8033?
8033
What is the highest common divisor of 534 and 29172954?
534
What is the highest common factor of 15274070 and 910?
70
Calculate the greatest common factor of 1004103 and 7101.
27
Calculate the greatest common divisor of 10771621 and 147.
49
Calculate the highest common divisor of 266166 and 521838.
954
Calculate the highest common factor of 51610044 and 9.
3
What is the greatest common divisor of 31164 and 46704?
84
Calculate the greatest common factor of 87193 and 292077.
391
Calculate the greatest common divisor of 3523672 and 126779.
1307
What is the greatest common divisor of 58198027 and 10756?
2689
Calculate the greatest common divisor of 1782 and 3687498.
54
What is the highest common factor of 388 and 45534128?
388
What is the greatest common divisor of 88309701 and 2565?
171
Calculate the greatest common divisor of 78 and 1733667.
39
Calculate the highest common factor of 15373402 and 37198.
5314
Calculate the highest common factor of 57565548 and 1908.
36
What is the greatest common factor of 330873 and 27?
3
What is the greatest common factor of 7464420 and 19232?
2404
Calculate the greatest common factor of 3660 and 745090.
10
Calculate the greatest common factor of 229 and 16004810.
229
Calculate the greatest common factor of 4448 and 42506200.
1112
What is the highest common divisor of 7062 and 411708?
66
What is the greatest common factor of 146005790 and 441?
49
Calculate the greatest common divisor of 1017 and 64473.
3
What is the highest common factor of 192276 and 321783?
147
What is the greatest common divisor of 14324415 and 2695?
245
What is the highest common factor of 2240 and 4768870?
10
What is the greatest common factor of 25440 and 3675?
15
What is the greatest common divisor of 848495 and 164?
41
Calculate the highest common factor of 404 and 1223996.
4
What is the greatest common factor of 506111 and 103424?
101
Calculate the highest common divisor of 111761844 and 12.
12
What is the highest common factor of 65351 and 2028?
13
Calculate the highest common factor of 29 and 54818613.
29
What is the greatest common divisor of 43923961 and 5578?
2789
Calculate the highest common divisor of 2792644 and 21508.
1132
What is the highest common factor of 82914405 and 840?
105
What is the highest common factor of 34960 and 11261053?
437
Calculate the greatest common divisor of 846 and 46290483.
9
Calculate the greatest common divisor of 3148 and 193566585.
787
Calculate the highest common factor of 68 and 2054362756.
68
What is the highest common divisor of 666 and 253213866?
666
What is the greatest common divisor of 1002300 and 2546700?
3900
Calculate the highest common factor of 365 and 5619467.
73
Calculate the highest common divisor of 4758906 and 1616079.
8121
What is the greatest common factor of 38326080 and 14800?
2960
What is the greatest common divisor of 78275 and 155843?
101
Calculate the highest common factor of 773123755 and 1985.
1985
Calculate the greatest common factor of 22925737 and 22424.
2803
What is the highest common divisor of 37404 and 21132?
36
Calculate the highest common factor of 124 and 4760887.
31
Calculate the highest common divisor of 383 and 1021.
1
What is the greatest common divisor of 2042 and 383159859?
1021
Calculate the highest common factor of 2418 and 1567794.
186
What is the greatest common divisor of 598310 and 2410?
10
What is the highest common factor of 523264 and 2981904?
1168
What is the highest common divisor of 14264586 and 13671?
441
What is the greatest common factor of 31 and 3470574?
31
Calculate the highest common divisor of 1422 and 25099722.
1422
Calculate the highest common factor of 33073623 and 19305.
297
What is the highest common divisor of 174467101 and 38?
19
What is the highest common divisor of 1566 and 1746293?
29
Calculate the highest common divisor of 21220 and 3728400.
20
What is the greatest common divisor of 42518462 and 787?
787
Calculate the highest common factor of 233 and 270755553.
233
What is the highest common factor of 99364585 and 8265?
2755
Calculate the highest common divisor of 56809411 and 2283.
761
What is the highest common divisor of 6573 and 10331817?
939
Calculate the highest common factor of 1704522 and 255.
51
Calculate the greatest common divisor of 5000 and 137421250.
1250
What is the greatest common divisor of 154971 and 202773?
771
Calculate the highest common divisor of 6065 and 7565.
5
Calculate the highest common factor of 70938416 and 1860.
124
What is the highest common divisor of 92 and 533508?
92
What is the highest common factor of 364 and 1834910?
14
Calculate the greatest common divisor of 742 and 11293611.
371
What is the highest common factor of 1143 and 158260161?
381
Calculate the greatest common factor of 58812 and 857124.
348
Calculate the greatest common divisor of 2517432 and 1284.
12
Calculate the greatest common factor of 297938 and 4790.
958
What is the highest common factor of 3381 and 93309804?
483
What is the greatest common factor of 2791430 and 190?
10
Calculate the highest common factor of 949068 and 588.
12
Calculate the highest common divisor of 45006 and 96018.
78
What is the greatest common divisor of 15029 and 3051?
113
What is the greatest common factor of 27244 and 498008?
28
Calculate the highest common divisor of 12000 and 109555200.
2400
What is the highest common factor of 89254984 and 14?
14
What is the greatest common divisor of 1128 and 1243688?
8
What is the highest common factor of 269 and 69565283?
269
What is the highest common divisor of 70090825 and 175?
175
What is the highest common factor of 23916240 and 202960?
4720
Calculate the highest common factor of 1569981 and 28.
7
What is the highest common factor of 52838 and 6728?
58
Calculate the greatest common factor of 31 and 201068573.
31
Calculate the greatest common factor of 28416546 and 36.
18
Calculate the greatest common divisor of 18336786 and 5434.
494
What is the greatest common divisor of 4248 and 44602128?
72
Calculate the greatest common factor of 164 and 25086506.
82
Calculate the greatest common divisor of 11822 and 228574.
46
Calculate the highest common factor of 93823 and 4301.
17
What is the greatest common divisor of 11585 and 379015?
35
Calculate the highest common divisor of 47583 and 169749.
9
Calculate the greatest common factor of 35549480 and 160.
40
Calculate the greatest common factor of 1644891 and 437.
23
Calculate the greatest common factor of 11743 and 32.
1
Calculate the highest common factor of 1628 and 59190824.
1628
Calculate the greatest common divisor of 15965 and 2404329.
3193
Calculate the highest common factor of 247910 and 1755.
65
What is the highest common factor of 77075 and 197312?
3083
What is the highest common divisor of 6301 and 6190915229?
6301
Calculate the highest common factor of 18 and 6013188.
18
What is the highest common factor of 244999 and 49202?
337
What is the highest common factor of 5337 and 39684153?
1779
What is the greatest common factor of 10225846 and 101?
101
What is the highest common divisor of 62472531 and 207?
69
Calculate the greatest common factor of 185 and 61214317.
37
What is the greatest common divisor of 989 and 271115?
43
What is the highest common divisor of 972036 and 9477?
117
What is the highest common divisor of 63626791 and 111?
37
What is the highest common divisor of 784 and 4383932?
196
What is the highest common factor of 117078 and 1743326?
494
What is the greatest common factor of 205086919 and 1048?
131
Calculate the greatest common divisor of 84 and 481288608.
12
Calculate the greatest common factor of 4904 and 5133262.
1226
Calculate the greatest common factor of 8519358 and 1686.
1686
Calculate the greatest common factor of 56466315 and 30.
15
What is the highest common factor of 8 and 656688808?
8
Calculate the greatest common factor of 1401706373 and 61.
61
What is the highest common divisor of 5146 and 276473?
83
What is the greatest common factor of 12205 and 59335828?
2441
What is the highest common factor of 630509 and 74648?
1333
What is the highest common factor of 185861 and 19432088?
6409
Calculate the greatest common divisor of 2809